 - 8*t + 5*v + 54 = 0, 2*t + 5*v = 61. What is the remainder when 87 is divided by t?
18
Suppose n + 17 = 2*y + 2, 0 = -4*y + 4*n + 36. Let w be (-72)/(-16)*(-8)/y. Calculate the remainder when 9 is divided by (-30)/(-4)*(-4)/w.
4
Let a(d) = -d**3 + 6*d**2 + 4*d - 3. Let z be a(5). Suppose -2*g - g - 6 = 0. Let u = g + z. Calculate the remainder when u is divided by 14.
12
Let y = 4 - 3. Let z(q) = 24*q**3 + q**2 - q + 1. Let b be z(y). Let x = b - 15. What is the remainder when 28 is divided by x?
8
Suppose 0 = -5*x + 3*v + 25, 5*x + v - 15 = 10. Suppose -x*k - 13 = -98. What is the remainder when 32 is divided by k?
15
Let m be (2/2)/(10 - 9). Calculate the remainder when 22 is divided by (-1)/(4/(-32)*m).
6
Suppose 3*w - 39 = -0*w. Calculate the remainder when w is divided by 10.
3
Suppose -9 = -v + 5*p, 0 = -0*p + 5*p - 15. What is the remainder when v is divided by 16?
8
Suppose -2*x - 5 = -3*w, -3*x + 3*w = -2*x + 7. Suppose -x*p + 3*z = -332, 0*z + 5*z - 10 = 0. Let m = p - 118. Calculate the remainder when m is divided by 18.
15
Let p(w) = 4*w**2 - 12*w + 1. Calculate the remainder when 30 is divided by p(4).
13
Let h(t) = -t**3 + 6*t**2 + t - 7. Let c be h(5). What is the remainder when 1*(c + -2 + 0) is divided by 11?
10
Let k be 2/(-6) + 8/6. Suppose 0*p = -p + k, -3*z = 3*p - 54. What is the remainder when 30 is divided by z?
13
Suppose 2*d + 1 = 15. Suppose -8*v + 14 = -d*v. What is the remainder when 54 is divided by v?
12
Let w = -2 - 0. Calculate the remainder when 7 is divided by 3 + 0 + w/(-2).
3
Let b = 3 - 2. Suppose -4*t + 2*t = 8. Let f = t - -6. What is the remainder when f is divided by b?
0
Suppose -o + 3*x = -2*o + 12, 0 = 3*x - 6. Suppose j - 3*v = 29, -2*j + 0*j = 2*v - 26. Calculate the remainder when j is divided by o.
5
Suppose -35 = -z + v, 6*v - 45 = -z + 2*v. Let o = 65 - z. What is the remainder when o is divided by 10?
8
Suppose -2*s = 2*s - 5*g - 149, 3*g + 75 = 2*s. Let t = s + -26. Calculate the remainder when t is divided by 4.
2
Let l(s) = -s**2 + 6*s + 2. Calculate the remainder when 26 is divided by l(5).
5
Suppose 2*j + 2*g - 69 = -3*g, 0 = -3*j - 2*g + 98. What is the remainder when 90 is divided by j?
26
Suppose -2*v + 13 = -25. What is the remainder when 32 is divided by v?
13
Calculate the remainder when (-80)/(-16) + 1 + 108 is divided by 29.
27
Suppose -j + 50 = j. Suppose 13 = 2*f - f. Calculate the remainder when j is divided by f.
12
Suppose 0 = 5*t + l - 12, l - 4*l + 8 = t. Suppose -3*z + m = 23, -5*z - 2*m = t*m + 10. What is the remainder when 29 is divided by (-62)/(-4) - (-3)/z?
14
Let k = 8 + 5. Calculate the remainder when k is divided by 3.
1
Let f(s) = s**3 - 3*s**2 - 4*s - 4. Suppose 0 = 2*l - 26 + 8. What is the remainder when f(5) is divided by l?
8
Let m be (-117)/5 - (-12)/30. Let g = m - -35. What is the remainder when 33 is divided by g?
9
Let o = 6 + 2. What is the remainder when 20 is divided by o?
4
Let c be -10 - 2/(-3 + 4). Suppose -o + 44 = -3*o. Let q = c - o. Calculate the remainder when 29 is divided by q.
9
Let s(j) = 23*j**3 - 2*j**2 - 4*j - 2. Let d be s(-2). Let z be d/(-24) - (-1)/4. Let o = 13 - z. Calculate the remainder when 12 is divided by o.
2
Let o = -66 - -74. Suppose 5*b = 29 + 41. Calculate the remainder when b is divided by o.
6
Suppose 5*v = -n - 4*n + 50, n + 30 = 4*v. Let y = -38 + 67. What is the remainder when y is divided by v?
5
What is the remainder when (-3983)/(-49) + (-4)/14 is divided by 28?
25
Suppose 3*i - 53 = 82. Calculate the remainder when 177 is divided by i.
42
Let q(l) = l + 9. Let j be q(9). What is the remainder when (j/24)/((-1)/(-24)) is divided by 4?
2
Suppose -2*m + 19 + 1 = -4*b, -2*b = -4*m + 16. Suppose 0 = m*h - 4*x - 22, -3*h = 2*h - 5*x - 45. What is the remainder when 12 is divided by h?
5
Suppose 2*o - 5*o + n = -142, -225 = -5*o + 4*n. Calculate the remainder when o is divided by 25.
24
Let m = 11 - 8. Suppose -4*x + 23 - m = 0. Suppose w + 90 = 5*f, 90 = 5*f - x*w + w. Calculate the remainder when 35 is divided by f.
17
Let n(c) = -c + 8. What is the remainder when n(6) is divided by (2 - -1)*4/12?
0
Suppose 0 = -j + 6*j. What is the remainder when 61 is divided by (-63)/(-3) + j/(-2)?
19
Suppose -k = -22 - 8. Let t(l) = l**2 - 6*l - 11. Suppose -26 = -2*y - 4*n, -4*y - 4*n + 61 = 17. What is the remainder when k is divided by t(y)?
14
Let p(t) = -t + 5. Let q be p(9). Suppose 6*l - l + 25 = 0, 0 = a - 5*l - 28. What is the remainder when a is divided by 6/q*(-12)/9?
1
Let o = 38 + -4. Calculate the remainder when 168 is divided by o.
32
Suppose 6*p = -127 + 613. Calculate the remainder when p is divided by 42.
39
Let v be (-1 + 1/3)*-6. Let s = v + -2. What is the remainder when 2 is divided by s?
0
Let u(c) = -31*c**3 + 3*c + 3. Calculate the remainder when 56 is divided by u(-1).
25
Let a = 62 + -39. Let b(x) = 2*x**2 + 13*x + 18. What is the remainder when a is divided by b(-6)?
11
Suppose v - 155 = -4*v. Suppose -2*y - v = -3*y. Suppose -r = -2*r + 11. Calculate the remainder when y is divided by r.
9
Suppose 5*h - 15 = 5. Let s be (h + -3)/(2/24). Calculate the remainder when 1/3 + 272/s is divided by 8.
7
Calculate the remainder when 17 is divided by (6/(-8))/(((-55)/(-60))/(-11)).
8
Suppose -5*v + v + 68 = 0. Suppose 0 = -k + 3*q - 2*q + 31, 2*k - 48 = -5*q. Let y = k - 20. Calculate the remainder when v is divided by y.
8
Suppose -65 = -4*q + m, 3*m + 5 = -2*m. Suppose -d - d = -4*k - 36, d - k = q. Calculate the remainder when d is divided by 8.
6
Suppose 0 = 3*i + 2*i - 190. Let h = -21 + i. Calculate the remainder when h is divided by (225/(-125))/(1/(-5)).
8
Let l(v) = -v - 1. Suppose 0 = 5*w - 46 - 44. What is the remainder when w is divided by l(-6)?
3
Let n = -46 + 82. Calculate the remainder when n is divided by 13.
10
Let f(t) = -t**3 - 7*t**2 + 4*t. Let z be -15 - -6 - (-1 - 0). What is the remainder when f(z) is divided by 9?
5
Suppose -2*a = 2, -4*d + 32 = -2*a - 70. Calculate the remainder when d is divided by ((-18)/8)/((-2)/8).
7
Suppose 4*n - 4*d = 96, 2*n + 3*n - 116 = 3*d. Suppose -5 = -5*a + 2*v, -v = -4*a - 2 + 9. Let w = 5 + a. What is the remainder when n is divided by w?
6
Let p(m) = m**2 + 3*m + 6. Let v be 1 + 5 - (2 + 0). Suppose v*q = -q - 25. What is the remainder when 30 is divided by p(q)?
14
Suppose 5*n + 10 = -0*n. Let w = n - -4. What is the remainder when (2/(-3))/((-6)/45) is divided by w?
1
Let s be 850/8 - 3/12. What is the remainder when s/6 + (-3)/(-9) is divided by 10?
8
Calculate the remainder when -50*(10/(-4) + (-18)/(-9)) is divided by 7.
4
Let k = -14 + 30. Let v(i) = -i + 13. What is the remainder when k is divided by v(7)?
4
Let t(q) = q**2 + 4*q - 2. Let y be t(-5). Suppose -y*u = -u - 20. Suppose 4*o + 2*i = 22, -4*i - 6 = -4*o - 2. What is the remainder when u is divided by o?
2
Suppose b + 2*b - 57 = 0. Calculate the remainder when 35 is divided by b.
16
Suppose -16*x = 442 - 3322. What is the remainder when x is divided by 26?
24
Let r(l) = l**3 - l**2 - 6. Let j be r(0). Let o = j + 8. Suppose -o*u + 3*p = 0, 1 + 4 = -u + 4*p. What is the remainder when u is divided by 2?
1
Let f = -7 - -48. Let k be (70 - 0 - 1) + 0. Let w = k - 48. Calculate the remainder when f is divided by w.
20
Suppose q = -3*q - 12. What is the remainder when 84 is divided by (-4)/(12/q) + 28?
26
Let v be (-60)/8*4/(-6). Suppose v*a - 22 = -5*c + 88, -4*c = 3*a - 61. Let n = 48 - a. What is the remainder when 40 is divided by n?
19
Suppose 0 = -3*b + 2*y + 42, 2*b - 5*y = -3*b + 75. Let f = b - 18. Calculate the remainder when 21 + f/(-3 + 1) is divided by 9.
6
Suppose 94 = 6*n + 16. Calculate the remainder when 63 is divided by n.
11
Let m(q) = q**2 + 3*q - 6. Let x be m(-10). Suppose 4*t - 4*i = x + 28, 41 = 2*t - i. Calculate the remainder when 52 is divided by t.
16
Let x = -66 + 135. Calculate the remainder when x is divided by 18.
15
Suppose -4*s = -2*w - 62, 5*s - 50 = s - 2*w. What is the remainder when 53 is divided by s?
11
Let l be (-2*(-37)/(-1))/(-2). Suppose -t - 3*w = -l, -6*t - 2*w + 158 = -2*t. What is the remainder when t is divided by 14?
12
What is the remainder when 101 is divided by (-78)/(-5) + 1 - 94/(-235)?
16
Suppose 0*p = 2*p - 18. Suppose -p + 39 